8148.
3506
What is the remainder when 821525 is divided by 727?
15
What is the remainder when 731880 is divided by 78?
6
What is the remainder when 831904 is divided by 1086?
28
What is the remainder when 735365 is divided by 10?
5
What is the remainder when 2663466 is divided by 26?
0
What is the remainder when 188552 is divided by 62830?
62
What is the remainder when 75873 is divided by 24519?
2316
Calculate the remainder when 2239 is divided by 246.
25
What is the remainder when 1456589 is divided by 141?
59
What is the remainder when 175672228 is divided by 1539?
1534
What is the remainder when 16617439 is divided by 560?
559
Calculate the remainder when 5270648 is divided by 189.
5
Calculate the remainder when 2494786 is divided by 211.
133
Calculate the remainder when 861668 is divided by 39166.
16
What is the remainder when 87015121 is divided by 68?
9
What is the remainder when 279899071 is divided by 26?
23
What is the remainder when 641224 is divided by 213695?
139
Calculate the remainder when 31096 is divided by 860.
136
What is the remainder when 50571 is divided by 50223?
348
Calculate the remainder when 1886392 is divided by 1007.
281
Calculate the remainder when 2836 is divided by 49.
43
What is the remainder when 161909278 is divided by 72?
70
What is the remainder when 224358 is divided by 111545?
1268
What is the remainder when 20364 is divided by 8595?
3174
Calculate the remainder when 1992451 is divided by 57.
16
What is the remainder when 69651 is divided by 4938?
519
Calculate the remainder when 92601 is divided by 15427.
39
Calculate the remainder when 30202482 is divided by 96.
18
What is the remainder when 1132228 is divided by 11?
9
Calculate the remainder when 2622573 is divided by 9502.
21
What is the remainder when 12269564 is divided by 1024?
1020
Calculate the remainder when 51069562 is divided by 23.
17
Calculate the remainder when 22037673 is divided by 45.
3
What is the remainder when 36145 is divided by 35175?
970
Calculate the remainder when 63181033 is divided by 21060344.
1
Calculate the remainder when 15499 is divided by 12282.
3217
What is the remainder when 10096981 is divided by 20?
1
What is the remainder when 22052744 is divided by 2235?
2234
Calculate the remainder when 134475 is divided by 5172.
3
What is the remainder when 613981 is divided by 55776?
445
What is the remainder when 38242993 is divided by 53?
48
What is the remainder when 42618427 is divided by 10654604?
11
What is the remainder when 9680781 is divided by 4840386?
9
Calculate the remainder when 20786288 is divided by 79.
45
Calculate the remainder when 485776473 is divided by 1581.
1575
What is the remainder when 1762081658 is divided by 10390?
10388
What is the remainder when 127545 is divided by 21253?
27
What is the remainder when 48190996 is divided by 31?
8
Calculate the remainder when 7757 is divided by 126.
71
What is the remainder when 39291125 is divided by 607?
15
Calculate the remainder when 35580 is divided by 1225.
55
What is the remainder when 20744720 is divided by 143?
139
What is the remainder when 5485484 is divided by 228543?
452
Calculate the remainder when 178684458 is divided by 10069.
10053
Calculate the remainder when 116274438 is divided by 109.
105
What is the remainder when 2013703 is divided by 503149?
1107
Calculate the remainder when 145042817 is divided by 847.
843
What is the remainder when 7432012 is divided by 371596?
92
Calculate the remainder when 173747260 is divided by 13.
11
Calculate the remainder when 645879 is divided by 3777.
12
Calculate the remainder when 4592149 is divided by 574015.
29
What is the remainder when 1565845 is divided by 146?
141
Calculate the remainder when 6941283 is divided by 145.
133
What is the remainder when 2602509 is divided by 23446?
3
Calculate the remainder when 24081827 is divided by 338.
3
What is the remainder when 4328577 is divided by 12583?
25
What is the remainder when 1090731 is divided by 2741?
2554
Calculate the remainder when 4180456 is divided by 1562.
544
Calculate the remainder when 55779645 is divided by 3292.
3289
What is the remainder when 2521661 is divided by 115?
56
What is the remainder when 13924871 is divided by 87?
86
What is the remainder when 59185 is divided by 31?
6
What is the remainder when 2417913 is divided by 15400?
113
What is the remainder when 42246 is divided by 748?
358
Calculate the remainder when 677576 is divided by 16911.
1136
Calculate the remainder when 2497435 is divided by 26288.
75
Calculate the remainder when 54097548 is divided by 139.
138
What is the remainder when 215949 is divided by 15423?
27
What is the remainder when 40009042 is divided by 154?
150
Calculate the remainder when 47353895 is divided by 917.
15
Calculate the remainder when 16234540 is divided by 16.
12
Calculate the remainder when 948520 is divided by 152.
40
Calculate the remainder when 2507159 is divided by 12.
11
What is the remainder when 2026325 is divided by 405260?
25
Calculate the remainder when 347428 is divided by 15791.
26
What is the remainder when 704284 is divided by 2425?
1034
What is the remainder when 133057 is divided by 44258?
283
What is the remainder when 1124798 is divided by 1591?
1552
Calculate the remainder when 844013 is divided by 421997.
19
Calculate the remainder when 153309010 is divided by 526.
524
Calculate the remainder when 4165704 is divided by 168.
144
Calculate the remainder when 80852 is divided by 134.
50
What is the remainder when 33598924 is divided by 1976407?
5
What is the remainder when 2883862 is divided by 720963?
10
Calculate the remainder when 738751 is divided by 425.
101
Calculate the remainder when 1622733989 is divided by 8.
5
Calculate the remainder when 12370952 is divided by 746.
34
Calculate the remainder when 255409 is divided by 1310.
1269
What is the remainder when 1035323 is divided by 517469?
385
What is the remainder when 10428188 is divided by 1736?
36
Calculate the remainder when 29473312 is divided by 53.
12
Calculate the remainder when 6020503 is divided by 860065.
48
Calculate the remainder when 282549 is divided by 683.
470
What is the remainder when 4083 is divided by 535?
338
What is the remainder when 65045 is divided by 8093?
301
Calculate the remainder when 686069 is divided by 1807.
1216
What is the remainder when 9906709 is divided by 23?
11
Calculate the remainder when 770493 is divided by 59.
12
What is the remainder when 23087765 is divided by 78?
77
What is the remainder when 23471420 is divided by 47?
43
Calculate the remainder when 1005809 is divided by 502900.
9
Calculate the remainder when 290334 is divided by 1339.
1110
Calculate the remainder when 2028154 is divided by 408.
394
Calculate the remainder when 1390022 is divided by 19.
1
What is the remainder when 29393086 is divided by 192?
190
Calculate the remainder when 213298 is divided by 5752.
474
Calculate the remainder when 73377 is divided by 58.
7
What is the remainder when 147630 is divided by 18438?
126
What is the remainder when 129486 is divided by 2134?
1446
Calculate the remainder when 217921693 is divided by 16.
13
Calculate the remainder when 3335297 is divided by 6.
5
What is the remainder when 9382343 is divided by 3771?
95
What is the remainder when 3357085 is divided by 508?
221
What is the remainder when 41843 is divided by 20778?
287
What is the remainder when 41769 is divided by 13731?
576
Calculate the remainder when 481252 is divided by 713.
690
What is the remainder when 12673796 is divided by 12673768?
28
Calculate the remainder when 4243508 is divided by 356.
344
Calculate the remainder when 6889139 is divided by 472.
299
Calculate the remainder when 21183169 is divided by 83.
75
What is the remainder when 14034702 is divided by 503?
499
What is the remainder when 29868623 is divided by 16799?
1
What is the remainder when 35775 is divided by 127?
88
Calculate the remainder when 43994 is divided by 21707.
580
What is the remainder when 2036920 is divided by 881?
48
Calculate the remainder when 230098 is divided by 46003.
83
Calculate the remainder when 3825454 is divided by 318778.
118
Calculate the remainder when 5105243 is divided by 45.
38
What is the remainder when 67689 is div